{"id":19894,"date":"2020-02-20T12:33:32","date_gmt":"2020-02-20T11:33:32","guid":{"rendered":"https:\/\/www.aparences.net\/?page_id=19894"},"modified":"2025-09-30T10:03:13","modified_gmt":"2025-09-30T08:03:13","slug":"politica-de-privacidad","status":"publish","type":"page","link":"https:\/\/www.aparences.net\/es\/politica-de-privacidad\/","title":{"rendered":"Pol\u00edtica de Privacidad"},"content":{"rendered":"\n<p>Siguiendo los principios de licitud, lealtad y transparencia, ponemos a su disposici\u00f3n la presente <strong>Pol\u00edtica de Privacidad<\/strong>.<\/p>\n\n\n\n<h2 class=\"wp-block-heading\">\u00bfQui\u00e9n es el Responsable del tratamiento de sus datos?<\/h2>\n\n\n\n<p><strong>Esther Amen\u00f3s Berenguer<\/strong><br>Email: info@aparences.net<\/p>\n\n\n\n<h2 class=\"wp-block-heading\">\u00bfCon qu\u00e9 finalidad se tratan sus datos personales?<\/h2>\n\n\n\n<p>Gestionar las consultas recibidas a trav\u00e9s del formulario de contacto.<\/p>\n\n\n\n<!-- AdBoxRight2020 --><ins class=\"adsbygoogle\"     style=\"display:block; margin-top:30px;\"     data-ad-client=\"ca-pub-2468002815867636\"     data-ad-slot=\"3496014735\"     data-ad-format=\"auto\"     data-full-width-responsive=\"false\"><\/ins><script> (adsbygoogle = window.adsbygoogle || []).push({});<\/script><h2 class=\"wp-block-heading\">\u00bfCu\u00e1l es la legitimaci\u00f3n para el tratamiento de sus datos?<\/h2>\n\n\n\n<p>Consentimiento del interesado al enviar el formulario.<\/p>\n\n\n\n<h2 class=\"wp-block-heading\">\u00bfA qu\u00e9 destinatarios se comunicar\u00e1n sus datos?<\/h2>\n\n\n\n<p>No se comunicar\u00e1n sus datos a ning\u00fan tercero, salvo su consentimiento expreso u obligaci\u00f3n legal. El proveedor de servicios de alojamiento web act\u00faa como encargado del tratamiento.<\/p>\n\n\n\n<!-- AdBoxLeft2023 --><ins class=\"adsbygoogle\" style=\"display:block\" data-ad-client=\"ca-pub-2468002815867636\" data-ad-slot=\"1318022963\" data-ad-format=\"auto\" data-full-width-responsive=\"true\"><\/ins><script> (adsbygoogle = window.adsbygoogle || []).push({});<\/script><h2 class=\"wp-block-heading\">\u00bfCu\u00e1les son sus derechos cuando nos facilita sus datos?<\/h2>\n\n\n\n<p>Los derechos de protecci\u00f3n de datos de los que son titulares los interesados son:<\/p>\n\n\n\n<ul class=\"wp-block-list\">\n<li>Derecho a solicitar el acceso a los datos personales relativos al interesado<\/li>\n\n\n\n<li> Derecho de rectificaci\u00f3n o supresi\u00f3n<\/li>\n\n\n\n<li> Derecho de oposici\u00f3n<\/li>\n\n\n\n<li> Derecho a solicitar la limitaci\u00f3n de su tratamiento<\/li>\n\n\n\n<li> Derecho a la portabilidad de los datos<\/li>\n<\/ul>\n\n\n\n<p>Puede ejercer sus derechos de acceso, rectificaci\u00f3n, supresi\u00f3n, oposici\u00f3n, limitaci\u00f3n y portabilidad enviando una solicitud a info@aparences.net.<\/p>\n\n\n\n<h2 class=\"wp-block-heading\">\u00bfPor cu\u00e1nto tiempo conservaremos sus datos personales?<\/h2>\n\n\n\n<p>Los datos se conservar\u00e1n durante el tiempo necesario para atender la consulta y cumplir con obligaciones legales.<\/p>\n\n\n\n<h2 class=\"wp-block-heading\">Pol\u00edtica de Cookies<\/h2>\n\n\n\n<p>Esta web utiliza Cookies. Para ver en detalle el aviso y tratamiento de Cookies, el usuario podr\u00e1 dirigirse a <a href=\"hthttps:\/\/www.aparences.net\/es\/politica-cookies\/\">Pol\u00edtica de Cookies<\/a>.<\/p>\n\n\n\n<p><\/p>\n","protected":false},"excerpt":{"rendered":"<p>Siguiendo los principios de licitud, lealtad y transparencia, ponemos a su disposici\u00f3n la presente Pol\u00edtica de Privacidad. \u00bfQui\u00e9n es el Responsable del tratamiento de sus [&#8230;]<\/p>\n","protected":false},"author":2,"featured_media":0,"parent":0,"menu_order":0,"comment_status":"closed","ping_status":"closed","template":"","meta":{"footnotes":""},"class_list":["post-19894","page","type-page","status-publish","hentry"],"yoast_head":"<!-- This site is optimized with the Yoast SEO plugin v27.2 - https:\/\/yoast.com\/product\/yoast-seo-wordpress\/ -->\n<title>Pol\u00edtica de Privacidad - Aparences<\/title>\n<meta name=\"robots\" content=\"index, follow, max-snippet:-1, max-image-preview:large, max-video-preview:-1\" \/>\n<link rel=\"canonical\" href=\"https:\/\/www.aparences.net\/es\/politica-de-privacidad\/\" \/>\n<meta property=\"og:locale\" content=\"es_ES\" \/>\n<meta property=\"og:type\" content=\"article\" \/>\n<meta property=\"og:title\" content=\"Pol\u00edtica de Privacidad - Aparences\" \/>\n<meta property=\"og:description\" content=\"Siguiendo los principios de licitud, lealtad y transparencia, ponemos a su disposici\u00f3n la presente Pol\u00edtica de Privacidad. \u00bfQui\u00e9n es el Responsable del tratamiento de sus [...]\" \/>\n<meta property=\"og:url\" content=\"https:\/\/www.aparences.net\/es\/politica-de-privacidad\/\" \/>\n<meta property=\"og:site_name\" content=\"Aparences\" \/>\n<meta property=\"article:modified_time\" content=\"2025-09-30T08:03:13+00:00\" \/>\n<meta name=\"twitter:card\" content=\"summary_large_image\" \/>\n<meta name=\"twitter:label1\" content=\"Tiempo de lectura\" \/>\n\t<meta name=\"twitter:data1\" content=\"2 minutos\" \/>\n<script type=\"application\/ld+json\" class=\"yoast-schema-graph\">{\"@context\":\"https:\/\/schema.org\",\"@graph\":[{\"@type\":\"WebPage\",\"@id\":\"https:\/\/www.aparences.net\/es\/politica-de-privacidad\/\",\"url\":\"https:\/\/www.aparences.net\/es\/politica-de-privacidad\/\",\"name\":\"Pol\u00edtica de Privacidad - Aparences\",\"isPartOf\":{\"@id\":\"https:\/\/www.aparences.net\/es\/#website\"},\"datePublished\":\"2020-02-20T11:33:32+00:00\",\"dateModified\":\"2025-09-30T08:03:13+00:00\",\"breadcrumb\":{\"@id\":\"https:\/\/www.aparences.net\/es\/politica-de-privacidad\/#breadcrumb\"},\"inLanguage\":\"es\",\"potentialAction\":[{\"@type\":\"ReadAction\",\"target\":[\"https:\/\/www.aparences.net\/es\/politica-de-privacidad\/\"]}]},{\"@type\":\"BreadcrumbList\",\"@id\":\"https:\/\/www.aparences.net\/es\/politica-de-privacidad\/#breadcrumb\",\"itemListElement\":[{\"@type\":\"ListItem\",\"position\":1,\"name\":\"Portada\",\"item\":\"https:\/\/www.aparences.net\/es\/\"},{\"@type\":\"ListItem\",\"position\":2,\"name\":\"Pol\u00edtica de Privacidad\"}]},{\"@type\":\"WebSite\",\"@id\":\"https:\/\/www.aparences.net\/es\/#website\",\"url\":\"https:\/\/www.aparences.net\/es\/\",\"name\":\"Aparences: Historia del Arte y Actualidad Cultural\",\"description\":\"\",\"publisher\":{\"@id\":\"https:\/\/www.aparences.net\/es\/#organization\"},\"potentialAction\":[{\"@type\":\"SearchAction\",\"target\":{\"@type\":\"EntryPoint\",\"urlTemplate\":\"https:\/\/www.aparences.net\/es\/?s={search_term_string}\"},\"query-input\":{\"@type\":\"PropertyValueSpecification\",\"valueRequired\":true,\"valueName\":\"search_term_string\"}}],\"inLanguage\":\"es\"},{\"@type\":\"Organization\",\"@id\":\"https:\/\/www.aparences.net\/es\/#organization\",\"name\":\"Aparences: Historia del Arte y Actualidad Cultural\",\"url\":\"https:\/\/www.aparences.net\/es\/\",\"logo\":{\"@type\":\"ImageObject\",\"inLanguage\":\"es\",\"@id\":\"https:\/\/www.aparences.net\/es\/#\/schema\/logo\/image\/\",\"url\":\"https:\/\/www.aparences.net\/wp-content\/uploads\/2023\/09\/logo-quadrat-color-e1695915315229.png\",\"contentUrl\":\"https:\/\/www.aparences.net\/wp-content\/uploads\/2023\/09\/logo-quadrat-color-e1695915315229.png\",\"width\":120,\"height\":120,\"caption\":\"Aparences: Historia del Arte y Actualidad Cultural\"},\"image\":{\"@id\":\"https:\/\/www.aparences.net\/es\/#\/schema\/logo\/image\/\"}}]}<\/script>\n<!-- \/ Yoast SEO plugin. -->","yoast_head_json":{"title":"Pol\u00edtica de Privacidad - Aparences","robots":{"index":"index","follow":"follow","max-snippet":"max-snippet:-1","max-image-preview":"max-image-preview:large","max-video-preview":"max-video-preview:-1"},"canonical":"https:\/\/www.aparences.net\/es\/politica-de-privacidad\/","og_locale":"es_ES","og_type":"article","og_title":"Pol\u00edtica de Privacidad - Aparences","og_description":"Siguiendo los principios de licitud, lealtad y transparencia, ponemos a su disposici\u00f3n la presente Pol\u00edtica de Privacidad. \u00bfQui\u00e9n es el Responsable del tratamiento de sus [...]","og_url":"https:\/\/www.aparences.net\/es\/politica-de-privacidad\/","og_site_name":"Aparences","article_modified_time":"2025-09-30T08:03:13+00:00","twitter_card":"summary_large_image","twitter_misc":{"Tiempo de lectura":"2 minutos"},"schema":{"@context":"https:\/\/schema.org","@graph":[{"@type":"WebPage","@id":"https:\/\/www.aparences.net\/es\/politica-de-privacidad\/","url":"https:\/\/www.aparences.net\/es\/politica-de-privacidad\/","name":"Pol\u00edtica de Privacidad - Aparences","isPartOf":{"@id":"https:\/\/www.aparences.net\/es\/#website"},"datePublished":"2020-02-20T11:33:32+00:00","dateModified":"2025-09-30T08:03:13+00:00","breadcrumb":{"@id":"https:\/\/www.aparences.net\/es\/politica-de-privacidad\/#breadcrumb"},"inLanguage":"es","potentialAction":[{"@type":"ReadAction","target":["https:\/\/www.aparences.net\/es\/politica-de-privacidad\/"]}]},{"@type":"BreadcrumbList","@id":"https:\/\/www.aparences.net\/es\/politica-de-privacidad\/#breadcrumb","itemListElement":[{"@type":"ListItem","position":1,"name":"Portada","item":"https:\/\/www.aparences.net\/es\/"},{"@type":"ListItem","position":2,"name":"Pol\u00edtica de Privacidad"}]},{"@type":"WebSite","@id":"https:\/\/www.aparences.net\/es\/#website","url":"https:\/\/www.aparences.net\/es\/","name":"Aparences: Historia del Arte y Actualidad Cultural","description":"","publisher":{"@id":"https:\/\/www.aparences.net\/es\/#organization"},"potentialAction":[{"@type":"SearchAction","target":{"@type":"EntryPoint","urlTemplate":"https:\/\/www.aparences.net\/es\/?s={search_term_string}"},"query-input":{"@type":"PropertyValueSpecification","valueRequired":true,"valueName":"search_term_string"}}],"inLanguage":"es"},{"@type":"Organization","@id":"https:\/\/www.aparences.net\/es\/#organization","name":"Aparences: Historia del Arte y Actualidad Cultural","url":"https:\/\/www.aparences.net\/es\/","logo":{"@type":"ImageObject","inLanguage":"es","@id":"https:\/\/www.aparences.net\/es\/#\/schema\/logo\/image\/","url":"https:\/\/www.aparences.net\/wp-content\/uploads\/2023\/09\/logo-quadrat-color-e1695915315229.png","contentUrl":"https:\/\/www.aparences.net\/wp-content\/uploads\/2023\/09\/logo-quadrat-color-e1695915315229.png","width":120,"height":120,"caption":"Aparences: Historia del Arte y Actualidad Cultural"},"image":{"@id":"https:\/\/www.aparences.net\/es\/#\/schema\/logo\/image\/"}}]}},"_links":{"self":[{"href":"https:\/\/www.aparences.net\/es\/wp-json\/wp\/v2\/pages\/19894","targetHints":{"allow":["GET"]}}],"collection":[{"href":"https:\/\/www.aparences.net\/es\/wp-json\/wp\/v2\/pages"}],"about":[{"href":"https:\/\/www.aparences.net\/es\/wp-json\/wp\/v2\/types\/page"}],"author":[{"embeddable":true,"href":"https:\/\/www.aparences.net\/es\/wp-json\/wp\/v2\/users\/2"}],"replies":[{"embeddable":true,"href":"https:\/\/www.aparences.net\/es\/wp-json\/wp\/v2\/comments?post=19894"}],"version-history":[{"count":0,"href":"https:\/\/www.aparences.net\/es\/wp-json\/wp\/v2\/pages\/19894\/revisions"}],"wp:attachment":[{"href":"https:\/\/www.aparences.net\/es\/wp-json\/wp\/v2\/media?parent=19894"}],"curies":[{"name":"wp","href":"https:\/\/api.w.org\/{rel}","templated":true}]}}

Política de Privacidad

<p>Siguiendo los principios de licitud, lealtad y transparencia, ponemos a su disposición la presente <strong>Política de Privacidad</strong>.</p>



<h2 class="wp-block-heading">¿Quién es el Responsable del tratamiento de sus datos?</h2>



<p><strong>Esther Amenós Berenguer</strong><br>Email: info@aparences.net</p>



<h2 class="wp-block-heading">¿Con qué finalidad se tratan sus datos personales?</h2>



<p>Gestionar las consultas recibidas a través del formulario de contacto.</p>



<!-- AdBoxRight2020 --><ins class="adsbygoogle"     style="display:block; margin-top:30px;"     data-ad-client="ca-pub-2468002815867636"     data-ad-slot="3496014735"     data-ad-format="auto"     data-full-width-responsive="false"></ins><script> (adsbygoogle = window.adsbygoogle || []).push({});</script><h2 class="wp-block-heading">¿Cuál es la legitimación para el tratamiento de sus datos?</h2>



<p>Consentimiento del interesado al enviar el formulario.</p>



<h2 class="wp-block-heading">¿A qué destinatarios se comunicarán sus datos?</h2>



<p>No se comunicarán sus datos a ningún tercero, salvo su consentimiento expreso u obligación legal. El proveedor de servicios de alojamiento web actúa como encargado del tratamiento.</p>



<!-- AdBoxLeft2023 --><ins class="adsbygoogle" style="display:block" data-ad-client="ca-pub-2468002815867636" data-ad-slot="1318022963" data-ad-format="auto" data-full-width-responsive="true"></ins><script> (adsbygoogle = window.adsbygoogle || []).push({});</script><h2 class="wp-block-heading">¿Cuáles son sus derechos cuando nos facilita sus datos?</h2>



<p>Los derechos de protección de datos de los que son titulares los interesados son:</p>



<ul class="wp-block-list">
<li>Derecho a solicitar el acceso a los datos personales relativos al interesado</li>



<li> Derecho de rectificación o supresión</li>



<li> Derecho de oposición</li>



<li> Derecho a solicitar la limitación de su tratamiento</li>



<li> Derecho a la portabilidad de los datos</li>
</ul>



<p>Puede ejercer sus derechos de acceso, rectificación, supresión, oposición, limitación y portabilidad enviando una solicitud a info@aparences.net.</p>



<h2 class="wp-block-heading">¿Por cuánto tiempo conservaremos sus datos personales?</h2>



<p>Los datos se conservarán durante el tiempo necesario para atender la consulta y cumplir con obligaciones legales.</p>



<h2 class="wp-block-heading">Política de Cookies</h2>



<p>Esta web utiliza Cookies. Para ver en detalle el aviso y tratamiento de Cookies, el usuario podrá dirigirse a <a href="hthttps://www.aparences.net/es/politica-cookies/">Política de Cookies</a>.</p>



<p></p>

<p>Siguiendo los principios de licitud, lealtad y transparencia, ponemos a su disposición la presente Política de Privacidad. ¿Quién es el Responsable del tratamiento de sus [&#8230;]</p>

<!-- This site is optimized with the Yoast SEO plugin v27.2 - https://yoast.com/product/yoast-seo-wordpress/ -->
<title>Política de Privacidad - Aparences</title>
<meta name="robots" content="index, follow, max-snippet:-1, max-image-preview:large, max-video-preview:-1" />
<link rel="canonical" href="https://www.aparences.net/es/politica-de-privacidad/" />
<meta property="og:locale" content="es_ES" />
<meta property="og:type" content="article" />
<meta property="og:title" content="Política de Privacidad - Aparences" />
<meta property="og:description" content="Siguiendo los principios de licitud, lealtad y transparencia, ponemos a su disposición la presente Política de Privacidad. ¿Quién es el Responsable del tratamiento de sus [...]" />
<meta property="og:url" content="https://www.aparences.net/es/politica-de-privacidad/" />
<meta property="og:site_name" content="Aparences" />
<meta property="article:modified_time" content="2025-09-30T08:03:13+00:00" />
<meta name="twitter:card" content="summary_large_image" />
<meta name="twitter:label1" content="Tiempo de lectura" />
	<meta name="twitter:data1" content="2 minutos" />
<script type="application/ld+json" class="yoast-schema-graph">{"@context":"https://schema.org","@graph":[{"@type":"WebPage","@id":"https://www.aparences.net/es/politica-de-privacidad/","url":"https://www.aparences.net/es/politica-de-privacidad/","name":"Política de Privacidad - Aparences","isPartOf":{"@id":"https://www.aparences.net/es/#website"},"datePublished":"2020-02-20T11:33:32+00:00","dateModified":"2025-09-30T08:03:13+00:00","breadcrumb":{"@id":"https://www.aparences.net/es/politica-de-privacidad/#breadcrumb"},"inLanguage":"es","potentialAction":[{"@type":"ReadAction","target":["https://www.aparences.net/es/politica-de-privacidad/"]}]},{"@type":"BreadcrumbList","@id":"https://www.aparences.net/es/politica-de-privacidad/#breadcrumb","itemListElement":[{"@type":"ListItem","position":1,"name":"Portada","item":"https://www.aparences.net/es/"},{"@type":"ListItem","position":2,"name":"Política de Privacidad"}]},{"@type":"WebSite","@id":"https://www.aparences.net/es/#website","url":"https://www.aparences.net/es/","name":"Aparences: Historia del Arte y Actualidad Cultural","description":"","publisher":{"@id":"https://www.aparences.net/es/#organization"},"potentialAction":[{"@type":"SearchAction","target":{"@type":"EntryPoint","urlTemplate":"https://www.aparences.net/es/?s={search_term_string}"},"query-input":{"@type":"PropertyValueSpecification","valueRequired":true,"valueName":"search_term_string"}}],"inLanguage":"es"},{"@type":"Organization","@id":"https://www.aparences.net/es/#organization","name":"Aparences: Historia del Arte y Actualidad Cultural","url":"https://www.aparences.net/es/","logo":{"@type":"ImageObject","inLanguage":"es","@id":"https://www.aparences.net/es/#/schema/logo/image/","url":"https://www.aparences.net/wp-content/uploads/2023/09/logo-quadrat-color-e1695915315229.png","contentUrl":"https://www.aparences.net/wp-content/uploads/2023/09/logo-quadrat-color-e1695915315229.png","width":120,"height":120,"caption":"Aparences: Historia del Arte y Actualidad Cultural"},"image":{"@id":"https://www.aparences.net/es/#/schema/logo/image/"}}]}</script>
<!-- / Yoast SEO plugin. -->

Política de Privacidad - Aparences

Siguiendo los principios de licitud, lealtad y transparencia, ponemos a su disposición la presente Política de Privacidad. ¿Quién es el Responsable del tratamiento de sus [...]
